 prime factors of 180134527?
1249, 144223
What are the prime factors of 29505839?
11, 1231, 2179
What are the prime factors of 46416351?
3, 15472117
List the prime factors of 372553641.
3, 13798283
What are the prime factors of 2536036073?
2536036073
What are the prime factors of 35110356?
2, 3, 1373, 2131
List the prime factors of 26798804.
2, 37, 43, 4211
List the prime factors of 200364436.
2, 863, 58043
What are the prime factors of 90554168?
2, 691, 16381
What are the prime factors of 259507318?
2, 7, 137, 135301
List the prime factors of 94547933.
19, 1321, 3767
What are the prime factors of 333069019?
281, 1185299
List the prime factors of 69072437.
7, 9867491
What are the prime factors of 6289471278?
2, 3, 349415071
List the prime factors of 634065333.
3, 11, 19214101
List the prime factors of 29454237.
3, 19, 23, 7489
What are the prime factors of 33652383?
3, 29, 386809
What are the prime factors of 345997723?
345997723
What are the prime factors of 166370398?
2, 17, 4893247
What are the prime factors of 179377707?
3, 59792569
What are the prime factors of 19934862?
2, 3, 47, 223, 317
List the prime factors of 1594966369.
22277, 71597
List the prime factors of 640085121.
3, 13, 191, 28643
What are the prime factors of 28763606?
2, 19, 73, 10369
List the prime factors of 44286967.
19, 2330893
What are the prime factors of 551132485?
5, 110226497
List the prime factors of 267609210.
2, 3, 5, 11, 43, 18859
What are the prime factors of 53711842?
2, 61, 440261
What are the prime factors of 5076042052?
2, 19, 31, 997, 2161
List the prime factors of 111210086.
2, 13, 37, 115603
What are the prime factors of 7917696?
2, 3, 29, 79
List the prime factors of 1302422799.
3, 29, 353, 42409
What are the prime factors of 804644779?
97, 1201, 6907
List the prime factors of 263611031.
67, 3934493
List the prime factors of 193814242.
2, 96907121
What are the prime factors of 4575004411?
2423, 1888157
List the prime factors of 1943076364.
2, 131, 3708161
What are the prime factors of 1378663863?
3, 107, 4294903
List the prime factors of 3709074672.
2, 3, 109, 227, 347
List the prime factors of 324856373.
13997, 23209
What are the prime factors of 3708346?
2, 17, 29, 3761
List the prime factors of 30162358.
2, 79, 190901
List the prime factors of 595409968.
2, 3793, 9811
List the prime factors of 69020887.
13, 131, 40529
What are the prime factors of 2464199451?
3, 7, 39114277
List the prime factors of 286028263.
101, 1093, 2591
What are the prime factors of 2567242300?
2, 5, 7, 523927
List the prime factors of 16155328.
2, 7, 36061
What are the prime factors of 62024345?
5, 227, 54647
What are the prime factors of 6371718874?
2, 439, 7257083
List the prime factors of 346647488.
2, 11, 492397
List the prime factors of 82613282.
2, 41306641
List the prime factors of 318892894.
2, 159446447
What are the prime factors of 143324581?
19, 97, 4093
What are the prime factors of 198942992?
2, 12433937
What are the prime factors of 51164501?
1259, 40639
What are the prime factors of 2269919256?
2, 3, 11, 8598179
What are the prime factors of 522468898?
2, 7, 83, 449629
List the prime factors of 1139347040.
2, 5, 13, 547763
What are the prime factors of 109039123?
827, 131849
What are the prime factors of 120907506?
2, 3, 20151251
List the prime factors of 4201258643.
41, 53, 719, 2689
List the prime factors of 33114964.
2, 257, 32213
What are the prime factors of 811570856?
2, 9473, 10709
List the prime factors of 646191421.
37, 17464633
List the prime factors of 17489526.
2, 3, 2914921
List the prime factors of 1751324769.
3, 43, 269, 16823
List the prime factors of 511002431.
23, 22217497
List the prime factors of 438220213.
438220213
What are the prime factors of 608228815?
5, 121645763
List the prime factors of 3194047671.
3, 6733, 158129
List the prime factors of 317531789.
317531789
List the prime factors of 26483736.
2, 3, 1103489
List the prime factors of 265680717.
3, 59, 1501021
List the prime factors of 2532599923.
7, 167, 2166467
What are the prime factors of 18797452?
2, 29, 131, 1237
List the prime factors of 283622289.
3, 2351, 40213
What are the prime factors of 1059396866?
2, 11, 4377673
What are the prime factors of 126749201?
126749201
List the prime factors of 108778174.
2, 54389087
List the prime factors of 196709939.
196709939
What are the prime factors of 35745842?
2, 11, 1624811
What are the prime factors of 365634103?
47, 1979, 3931
What are the prime factors of 1642581860?
2, 5, 557, 147449
What are the prime factors of 116410591?
11, 7951
List the prime factors of 3872473634.
2, 3169, 610993
List the prime factors of 395451256.
2, 19, 71, 36643
What are the prime factors of 556520926?
2, 13, 23, 930637
What are the prime factors of 771769290?
2, 3, 5, 71, 362333
What are the prime factors of 27825504?
2, 3, 7, 47, 881
What are the prime factors of 325469773?
101, 449, 7177
What are the prime factors of 98658274?
2, 11, 13, 344959
What are the prime factors of 157823718?
2, 3, 13, 53, 38177
What are the prime factors of 1652631185?
5, 101, 1459, 2243
List the prime factors of 254061465.
3, 5, 7, 733, 3301
List the prime factors of 38858985.
3, 5, 11, 29, 2707
List the prime factors of 791825614.
2, 395912807
What are the prime factors of 4525822578?
2, 3, 167, 4516789
List the prime factors of 34197690.
2, 3, 5, 41, 27803
List the prime factors of 2269480.
2, 5, 56737
List the prime factors of 5591208995.
5, 1118241799
What are the prime factors of 791845109?
11, 1867, 38557
What are the prime factors of 22238863?
491, 45293
List the prime factors of 516650173.
13, 23, 71, 24337
List the prime factors of 715820443.
13, 509, 108179
What are the prime factors of 46762524?
2, 3, 37, 35107
List the prime factors of 975717248.
2, 11, 67, 10343
List the prime factors of 56108840.
2, 5, 17, 109, 757
List the prime factors of 239445207.
3, 41, 163, 1327
List the prime factors of 345280032.
2, 3, 29, 41341
List the prime factors of 221809639.
221809639
List the prime factors of 296800471.
11, 29, 930409
What are the prime factors of 4055821?
7, 11, 52673
List the prime factors of 77307093.
3, 8589677
List the prime factors of 60826017.
3, 7, 17, 67, 2543
What are the prime factors of 1988169492?
2, 3, 59, 2808149
List the prime factors of 150100401.
3, 11, 43, 139, 761
List the prime factors of 2637454910.
2, 5, 263745491
What are the prime factors of 579638476?
2, 7013, 20663
List the prime factors of 97635776.
2, 7, 217937
What are the prime factors of 59230600?
2, 5, 11, 13, 19, 109
List the prime factors of 632090189.
137, 881, 5237
List the prime factors of 107647256.
2, 13455907
List the prime factors of 198806828.
2, 11, 4518337
What are the prime factors of 105402975?
3, 5, 17, 19, 229
List the prime factors of 3489539153.
17, 37, 5547757
List the prime factors of 5393450331.
3, 1423, 421133
List the prime factors of 45366337.
45366337
What are the prime factors of 55219933?
2087, 26459
What are the prime factors of 876298895?
5, 89, 241, 8171
List the prime factors of 7231104653.
271, 2347, 11369
What are the prime factors of 5049159559?
2543, 1985513
What are the prime factors of 57654479?
199, 289721
What are the prime factors of 115929180?
2, 3, 5, 644051
What are the prime factors of 25258286?
2, 43, 293701
What are the prime factors of 440631163?
7, 62947309
List the prime factors of 210201169.
210201169
What are the prime factors of 730312180?
2, 5, 13, 17, 165229
What are the prime factors of 997645109?
8849, 112741
List the prime factors of 80389412.
2, 1601, 12553
List the prime factors of 378217614.
2, 3, 283, 353, 631
List the prime factors of 548897920.
2, 5, 857653
What are the prime factors of 49405075?
5, 641, 3083
List the prime factors of 3017030053.
113, 26699381
What are the prime factors of 233467874?
2, 116733937
What are the prime factors of 252953805?
3, 5, 13, 29, 41, 1091
What are the prime factors of 165969231?
3, 97, 643, 887
List the prime factors of 250109259.
3, 1031, 80863
What are the prime factors of 151545564?
2, 3, 137, 30727
What are the prime factors of 43166296?
2, 71, 75997
What are the prime factors of 28549151?
167, 170953
List the prime factors of 47098639.
7, 29, 232013
What are the prime